{"id":9,"date":"2024-05-03T05:43:36","date_gmt":"2024-05-03T08:43:36","guid":{"rendered":"https:\/\/indiro.wprdx.com\/demo\/?page_id=9"},"modified":"2025-07-10T21:20:30","modified_gmt":"2025-07-11T00:20:30","slug":"home","status":"publish","type":"page","link":"https:\/\/briquedaredencao.com.br\/2024\/","title":{"rendered":"Home"},"content":{"rendered":"\t\t<div data-elementor-type=\"wp-page\" data-elementor-id=\"9\" class=\"elementor elementor-9\">\n\t\t\t\t\t\t<section class=\"elementor-section elementor-top-section elementor-element elementor-element-bd14a22 elementor-section-full_width elementor-section-height-default elementor-section-height-default\" data-id=\"bd14a22\" data-element_type=\"section\">\n\t\t\t\t\t\t<div class=\"elementor-container elementor-column-gap-custom\">\n\t\t\t\t\t<div class=\"elementor-column elementor-col-100 elementor-top-column elementor-element elementor-element-d04d58d\" data-id=\"d04d58d\" data-element_type=\"column\">\n\t\t\t<div class=\"elementor-widget-wrap elementor-element-populated\">\n\t\t\t\t\t\t<div class=\"elementor-element elementor-element-3ff67fa elementor-widget__width-inherit elementor-widget elementor-widget-dz-home-slider-2\" data-id=\"3ff67fa\" data-element_type=\"widget\" data-widget_type=\"dz-home-slider-2.default\">\n\t\t\t\t<div class=\"elementor-widget-container\">\n\t\t\t\r\n    <div class=\"main-slider2\">\r\n        <div class=\"swiper-container main-slider-2 banner-inner\">\r\n            <div class=\"swiper-wrapper\">\r\n                                <div class=\"swiper-slide\"  style=\"background-image:url(https:\/\/briquedaredencao.com.br\/2024\/wp-content\/uploads\/2025\/06\/foto-para-capa.jpeg); background-size: cover;\">\r\n                    <div class=\"banner-content container\">\r\n                        <div class=\"row\">\r\n                            <div class=\"col-lg-9\">\r\n                                                                \r\n                                    \r\n                                \r\n                                \r\n                            <\/div>\r\n                        <\/div>\r\n                    <\/div>\r\n                <\/div>\r\n                                \r\n            <\/div>\r\n            <div class=\"swiper-button\">\r\n                <div class=\"swiper-button-prev\"><i class=\"las la-angle-left\"><\/i><\/div>\r\n                <div class=\"swiper-button-next\"><i class=\"las la-angle-right\"><\/i><\/div>\r\n            <\/div>\r\n        <\/div>\r\n    <\/div>\r\n<script>\r\n\t\t\t\tjQuery(document).ready(function(){\r\n\t\t\t\t\tif(jQuery('.elementor-element-edit-mode').length > 0){\r\n\t\t\t\t\t\thandleMainSwiper2();\r\n\t\t\t\t\t}\t\t\t\t\t\r\n\t\t\t\t});\r\n\t\t\t <\/script>\r\n\t\t\t\t\t<\/div>\n\t\t\t\t<\/div>\n\t\t\t\t\t<\/div>\n\t\t<\/div>\n\t\t\t\t\t<\/div>\n\t\t<\/section>\n\t\t<div class=\"elementor-element elementor-element-266df9e e-flex e-con-boxed e-con e-parent\" data-id=\"266df9e\" data-element_type=\"container\">\n\t\t\t\t\t<div class=\"e-con-inner\">\n\t\t\t\t<div class=\"elementor-element elementor-element-7c2f6cc elementor-widget elementor-widget-wp-widget-search\" data-id=\"7c2f6cc\" data-element_type=\"widget\" data-widget_type=\"wp-widget-search.default\">\n\t\t\t\t<div class=\"elementor-widget-container\">\n\t\t\t<!-- Search -->\r\n<div class=\"search-bx style-1\">\r\n    <form method=\"get\" action=\"https:\/\/briquedaredencao.com.br\/2024\/\">\r\n        <div class=\"input-group\">\r\n           <input type=\"search\" name=\"s\" class=\"form-control\" value=\"\" placeholder=\"Search Here ...\" required>\r\n\t\t\t<span class=\"input-group-btn\">\r\n\t\t\t\t<button type=\"submit\" class=\"btn btn-primary sharp radius-no\"><i class=\"la la-search scale3\"><\/i><\/button>\r\n\t\t\t<\/span>\r\n        <\/div>\r\n    <\/form>\r\n<\/div>\r\n\r\n\r\n\t\t<\/div>\n\t\t\t\t<\/div>\n\t\t\t\t\t<\/div>\n\t\t\t\t<\/div>\n\t\t<div class=\"elementor-element elementor-element-3770f27 e-flex e-con-boxed e-con e-parent\" data-id=\"3770f27\" data-element_type=\"container\">\n\t\t\t\t\t<div class=\"e-con-inner\">\n\t\t\t\t\t<\/div>\n\t\t\t\t<\/div>\n\t\t<div class=\"elementor-element elementor-element-5ab8e3e e-flex e-con-boxed e-con e-parent\" data-id=\"5ab8e3e\" data-element_type=\"container\">\n\t\t\t\t\t<div class=\"e-con-inner\">\n\t\t\t\t<div class=\"elementor-element elementor-element-830938a elementor-widget elementor-widget-spacer\" data-id=\"830938a\" data-element_type=\"widget\" data-widget_type=\"spacer.default\">\n\t\t\t\t<div class=\"elementor-widget-container\">\n\t\t\t<style>\/*! elementor - v3.21.0 - 08-05-2024 *\/\n.elementor-column .elementor-spacer-inner{height:var(--spacer-size)}.e-con{--container-widget-width:100%}.e-con-inner>.elementor-widget-spacer,.e-con>.elementor-widget-spacer{width:var(--container-widget-width,var(--spacer-size));--align-self:var(--container-widget-align-self,initial);--flex-shrink:0}.e-con-inner>.elementor-widget-spacer>.elementor-widget-container,.e-con>.elementor-widget-spacer>.elementor-widget-container{height:100%;width:100%}.e-con-inner>.elementor-widget-spacer>.elementor-widget-container>.elementor-spacer,.e-con>.elementor-widget-spacer>.elementor-widget-container>.elementor-spacer{height:100%}.e-con-inner>.elementor-widget-spacer>.elementor-widget-container>.elementor-spacer>.elementor-spacer-inner,.e-con>.elementor-widget-spacer>.elementor-widget-container>.elementor-spacer>.elementor-spacer-inner{height:var(--container-widget-height,var(--spacer-size))}.e-con-inner>.elementor-widget-spacer.elementor-widget-empty,.e-con>.elementor-widget-spacer.elementor-widget-empty{position:relative;min-height:22px;min-width:22px}.e-con-inner>.elementor-widget-spacer.elementor-widget-empty .elementor-widget-empty-icon,.e-con>.elementor-widget-spacer.elementor-widget-empty .elementor-widget-empty-icon{position:absolute;top:0;bottom:0;left:0;right:0;margin:auto;padding:0;width:22px;height:22px}<\/style>\t\t<div class=\"elementor-spacer\">\n\t\t\t<div class=\"elementor-spacer-inner\"><\/div>\n\t\t<\/div>\n\t\t\t\t<\/div>\n\t\t\t\t<\/div>\n\t\t\t\t\t<\/div>\n\t\t\t\t<\/div>\n\t\t<div class=\"elementor-element elementor-element-9e69918 e-grid e-con-boxed e-con e-parent\" data-id=\"9e69918\" data-element_type=\"container\">\n\t\t\t\t\t<div class=\"e-con-inner\">\n\t\t\t\t<div class=\"elementor-element elementor-element-f817b84 elementor-widget elementor-widget-image\" data-id=\"f817b84\" data-element_type=\"widget\" data-widget_type=\"image.default\">\n\t\t\t\t<div class=\"elementor-widget-container\">\n\t\t\t<style>\/*! elementor - v3.21.0 - 08-05-2024 *\/\n.elementor-widget-image{text-align:center}.elementor-widget-image a{display:inline-block}.elementor-widget-image a img[src$=\".svg\"]{width:48px}.elementor-widget-image img{vertical-align:middle;display:inline-block}<\/style>\t\t\t\t\t\t\t<figure class=\"wp-caption\">\n\t\t\t\t\t\t\t\t\t\t\t<a href=\"https:\/\/briquedaredencao.com.br\/2024\/artesanato\/\">\n\t\t\t\t\t\t\t<img decoding=\"async\" width=\"180\" height=\"180\" src=\"https:\/\/briquedaredencao.com.br\/2024\/wp-content\/uploads\/2024\/05\/Artesanato-180x180-1.png\" class=\"attachment-large size-large wp-image-3821\" alt=\"\" \/>\t\t\t\t\t\t\t\t<\/a>\n\t\t\t\t\t\t\t\t\t\t\t<figcaption class=\"widget-image-caption wp-caption-text\"><\/figcaption>\n\t\t\t\t\t\t\t\t\t\t<\/figure>\n\t\t\t\t\t\t\t<\/div>\n\t\t\t\t<\/div>\n\t\t\t\t<div class=\"elementor-element elementor-element-ffd6d53 elementor-widget elementor-widget-image\" data-id=\"ffd6d53\" data-element_type=\"widget\" data-widget_type=\"image.default\">\n\t\t\t\t<div class=\"elementor-widget-container\">\n\t\t\t\t\t\t\t\t\t\t\t\t\t\t<a href=\"https:\/\/briquedaredencao.com.br\/2024\/arte-na-praca\/\">\n\t\t\t\t\t\t\t<img decoding=\"async\" width=\"180\" height=\"180\" src=\"https:\/\/briquedaredencao.com.br\/2024\/wp-content\/uploads\/2024\/05\/Artes-Plasticas-180x180-1.png\" class=\"attachment-large size-large wp-image-3822\" alt=\"\" \/>\t\t\t\t\t\t\t\t<\/a>\n\t\t\t\t\t\t\t\t\t\t\t\t\t<\/div>\n\t\t\t\t<\/div>\n\t\t\t\t<div class=\"elementor-element elementor-element-915e3f2 elementor-widget elementor-widget-image\" data-id=\"915e3f2\" data-element_type=\"widget\" data-widget_type=\"image.default\">\n\t\t\t\t<div class=\"elementor-widget-container\">\n\t\t\t\t\t\t\t\t\t\t\t\t\t\t<a href=\"https:\/\/briquedaredencao.com.br\/2024\/alimentacao\/\">\n\t\t\t\t\t\t\t<img decoding=\"async\" width=\"180\" height=\"180\" src=\"https:\/\/briquedaredencao.com.br\/2024\/wp-content\/uploads\/2024\/05\/Alimentacao-180x180-1.png\" class=\"attachment-large size-large wp-image-3819\" alt=\"\" \/>\t\t\t\t\t\t\t\t<\/a>\n\t\t\t\t\t\t\t\t\t\t\t\t\t<\/div>\n\t\t\t\t<\/div>\n\t\t\t\t<div class=\"elementor-element elementor-element-982421d elementor-widget elementor-widget-image\" data-id=\"982421d\" data-element_type=\"widget\" data-widget_type=\"image.default\">\n\t\t\t\t<div class=\"elementor-widget-container\">\n\t\t\t\t\t\t\t\t\t\t\t\t\t\t<a href=\"https:\/\/briquedaredencao.com.br\/2024\/antiquarios\/\">\n\t\t\t\t\t\t\t<img loading=\"lazy\" decoding=\"async\" width=\"180\" height=\"180\" src=\"https:\/\/briquedaredencao.com.br\/2024\/wp-content\/uploads\/2024\/05\/Antiquarios-180x180-1.png\" class=\"attachment-large size-large wp-image-3820\" alt=\"\" \/>\t\t\t\t\t\t\t\t<\/a>\n\t\t\t\t\t\t\t\t\t\t\t\t\t<\/div>\n\t\t\t\t<\/div>\n\t\t\t\t\t<\/div>\n\t\t\t\t<\/div>\n\t\t<div class=\"elementor-element elementor-element-5c867fb e-flex e-con-boxed e-con e-parent\" data-id=\"5c867fb\" data-element_type=\"container\">\n\t\t\t\t\t<div class=\"e-con-inner\">\n\t\t\t\t<div class=\"elementor-element elementor-element-f75af33 elementor-widget elementor-widget-dz-post-listing-4\" data-id=\"f75af33\" data-element_type=\"widget\" data-widget_type=\"dz-post-listing-4.default\">\n\t\t\t\t<div class=\"elementor-widget-container\">\n\t\t\t<!-- Blog -->\r\n\t<section class=\"content-inner pattern-bg-6\">\r\n\t\t<div class=\"container\">\r\n\t\t\t\t\t\t\t<div class=\"section-head wow fadeInUp text-center\" data-wow-delay=\"1s\">\r\n\t\t\t\t\t<h2 class=\"title m-b10\">\r\n\t\t\t\t\t\t\u00daltimas not\u00edcias\t\t\t\t\t<\/h2>\r\n\t\t\t\t\t\t\t\t\t\t\t<p class=\"wow fadeInUp m-b0\" data-wow-delay=\"1.5s\">\r\n\t\t\t\t\t\t\tEstamos animados em trazer at\u00e9 voc\u00eas as \u00faltimas novidades emocionantes que est\u00e3o acontecendo em nossa tradicional feira de artesanato, artes e antiguidades.\n\t\t\t\t\t\t<\/p>\r\n\t\t\t\t\t\t\t\t\t<\/div>\r\n\t\t\t\t\t\t<div class=\"row\">\r\n\t\t\t\t\t\t\t  <!-- Side bar END -->\r\n\t\t\t  <!-- Left part start -->\r\n\t\t\t  <div class=\"col-xl-12 col-lg-12 col-12 blog-page-content wow right-animation\"  data-wow-delay=\"0.2s\">\r\n\t\t\t\t<div  class=\"row\">\r\n\t\t\t\t\t\r\n\t\t\t\t  \r\n<div  id=\"post-7780\"  class=\"post-7780 post type-post status-publish format-standard has-post-thumbnail hentry category-historias-do-brique category-noticia category-ultimas-noticias\">\r\n\t<div class=\"dz-card style-1 blog-half shadow m-b30\">\r\n\t\t\t\t\t<div class=\"dz-media\">\r\n\t\t\t\t<img loading=\"lazy\" decoding=\"async\" width=\"555\" height=\"400\" src=\"https:\/\/briquedaredencao.com.br\/2024\/wp-content\/uploads\/2026\/05\/WhatsApp-Image-2026-05-05-at-16.18.12-555x400.jpeg\" class=\"attachment-indiro_555x400 size-indiro_555x400 wp-post-image\" alt=\"\" \/>\t\t\t<\/div>\r\n\t\t\t\t\r\n\t\t<div class=\"dz-info\">\r\n\t\t\t<div class=\"dz-meta\">\r\n\t\t\t\t<ul>\r\n\t\t\t\t\t<li class=\"post-date\">\r\n\t\t\t\t\t\t<span>\r\n\t\t\t\t\t\t\t05 maio 2026\t\t\t\t\t\t<\/span>\r\n\t\t\t\t\t<\/li>\r\n\t\t\t\t\t<li class=\"post-author\">\r\n\t\t\t\t\t\t<a href=\"https:\/\/briquedaredencao.com.br\/2024\/author\/01super_admin\/\">\r\n\t\t\t\t\t\t\tBy \r\n\t\t\t\t\t\t\t<strong>\r\n\t\t\t\t\t\t\t\tThales Fiorin \r\n\t\t\t\t\t\t\t<\/strong>\r\n\t\t\t\t\t\t<\/a>\r\n\t\t\t\t\t<\/li>\r\n\t\t\t\t<\/ul>\r\n\t\t\t<\/div>\r\n\t\t\t\r\n\t\t\t<h3 class=\"dz-title\">\r\n\t\t\t\t<a href=\"https:\/\/briquedaredencao.com.br\/2024\/esquina-mario-pirata\/\">\r\n\t\t\t\t\tEsquina M\u00e1rio Pirata.\t\t\t\t<\/a>\r\n\t\t\t<\/h3>\r\n\t\t\t\r\n\t\t\t<p>\r\n\t\t\t\tM\u00e1rio Pirata, Esquina M\u00e1rio Pirata Quem chegou neste domingo (03\/05\/26) no Brique da Reden\u00e7\u00e3o se deparou com uma novidade nas duas esquinas do cruzamento da Rua Jos\u00e9 Bonif\u00e1cio com a Rua Vieira de Castro, placas com o nome de M\u00e1rio.\t\t\t<\/p>\r\n\t\t\t\r\n\t\t\t<a href=\"https:\/\/briquedaredencao.com.br\/2024\/esquina-mario-pirata\/\" class=\"btn btn-primary btnstyle1 btn-sm m-r10 m-b10\">READ MORE<\/a>\r\n\t\t<\/div>\r\n\t<\/div>\r\n<\/div>\r\n\t  \r\n<div  id=\"post-7765\"  class=\"post-7765 post type-post status-publish format-standard has-post-thumbnail hentry category-brique category-noticia category-ultimas-noticias\">\r\n\t<div class=\"dz-card style-1 blog-half shadow m-b30\">\r\n\t\t\t\t\t<div class=\"dz-media\">\r\n\t\t\t\t<img loading=\"lazy\" decoding=\"async\" width=\"447\" height=\"400\" src=\"https:\/\/briquedaredencao.com.br\/2024\/wp-content\/uploads\/2026\/04\/WhatsApp-Image-2026-04-20-at-16.58.28-447x400.jpeg\" class=\"attachment-indiro_555x400 size-indiro_555x400 wp-post-image\" alt=\"\" \/>\t\t\t<\/div>\r\n\t\t\t\t\r\n\t\t<div class=\"dz-info\">\r\n\t\t\t<div class=\"dz-meta\">\r\n\t\t\t\t<ul>\r\n\t\t\t\t\t<li class=\"post-date\">\r\n\t\t\t\t\t\t<span>\r\n\t\t\t\t\t\t\t24 abril 2026\t\t\t\t\t\t<\/span>\r\n\t\t\t\t\t<\/li>\r\n\t\t\t\t\t<li class=\"post-author\">\r\n\t\t\t\t\t\t<a href=\"https:\/\/briquedaredencao.com.br\/2024\/author\/01super_admin\/\">\r\n\t\t\t\t\t\t\tBy \r\n\t\t\t\t\t\t\t<strong>\r\n\t\t\t\t\t\t\t\tThales Fiorin \r\n\t\t\t\t\t\t\t<\/strong>\r\n\t\t\t\t\t\t<\/a>\r\n\t\t\t\t\t<\/li>\r\n\t\t\t\t<\/ul>\r\n\t\t\t<\/div>\r\n\t\t\t\r\n\t\t\t<h3 class=\"dz-title\">\r\n\t\t\t\t<a href=\"https:\/\/briquedaredencao.com.br\/2024\/parabens-brique-da-redencao-pelos-44-anos\/\">\r\n\t\t\t\t\tParab\u00e9ns Brique da Reden\u00e7\u00e3o !!\t\t\t\t<\/a>\r\n\t\t\t<\/h3>\r\n\t\t\t\r\n\t\t\t<p>\r\n\t\t\t\tPARAB\u00c9NS \u00c0 FEIRA DE ARTESANATO DO BOM FIM HOJE BRIQUE DA REDEN\u00c7\u00c3O\u00a0PELOS 44 ANOS!! A hist\u00f3ria da atual Feira, a mais conhecida do Sul do Brasil, ponto cl\u00e1ssico da cultura ga\u00facha, o \u201cBrique da Reden\u00e7\u00e3o\u201d, Patrim\u00f4nio Cultural do RS desde.\t\t\t<\/p>\r\n\t\t\t\r\n\t\t\t<a href=\"https:\/\/briquedaredencao.com.br\/2024\/parabens-brique-da-redencao-pelos-44-anos\/\" class=\"btn btn-primary btnstyle1 btn-sm m-r10 m-b10\">READ MORE<\/a>\r\n\t\t<\/div>\r\n\t<\/div>\r\n<\/div>\r\n\t  \r\n<div  id=\"post-7564\"  class=\"post-7564 post type-post status-publish format-standard has-post-thumbnail hentry category-noticia category-ultimas-noticias\">\r\n\t<div class=\"dz-card style-1 blog-half shadow m-b30\">\r\n\t\t\t\t\t<div class=\"dz-media\">\r\n\t\t\t\t<img loading=\"lazy\" decoding=\"async\" width=\"555\" height=\"364\" src=\"https:\/\/briquedaredencao.com.br\/2024\/wp-content\/uploads\/2025\/07\/capa-da-noticia-do-site-555x364.png\" class=\"attachment-indiro_555x400 size-indiro_555x400 wp-post-image\" alt=\"\" \/>\t\t\t<\/div>\r\n\t\t\t\t\r\n\t\t<div class=\"dz-info\">\r\n\t\t\t<div class=\"dz-meta\">\r\n\t\t\t\t<ul>\r\n\t\t\t\t\t<li class=\"post-date\">\r\n\t\t\t\t\t\t<span>\r\n\t\t\t\t\t\t\t10 julho 2025\t\t\t\t\t\t<\/span>\r\n\t\t\t\t\t<\/li>\r\n\t\t\t\t\t<li class=\"post-author\">\r\n\t\t\t\t\t\t<a href=\"https:\/\/briquedaredencao.com.br\/2024\/author\/01super_admin\/\">\r\n\t\t\t\t\t\t\tBy \r\n\t\t\t\t\t\t\t<strong>\r\n\t\t\t\t\t\t\t\t01super_admin \r\n\t\t\t\t\t\t\t<\/strong>\r\n\t\t\t\t\t\t<\/a>\r\n\t\t\t\t\t<\/li>\r\n\t\t\t\t<\/ul>\r\n\t\t\t<\/div>\r\n\t\t\t\r\n\t\t\t<h3 class=\"dz-title\">\r\n\t\t\t\t<a href=\"https:\/\/briquedaredencao.com.br\/2024\/24-novos-expositores\/\">\r\n\t\t\t\t\tBrique tem 24 novos expositores.\t\t\t\t<\/a>\r\n\t\t\t<\/h3>\r\n\t\t\t\r\n\t\t\t<p>\r\n\t\t\t\tO tradicional Brique da Reden\u00e7\u00e3o, realizado todos os domingos na avenida\u00a0Jos\u00e9 Bonif\u00e1cio, bairro Bom Fim, ganhou mais expositores para o setor de artesanato. S\u00e3o 24 novos briqueiros, cujos trabalhos se utilizam de variadas t\u00e9cnicas e mat\u00e9rias-primas. \ud83d\udc49 Saiba mais acessando:prefeitura.poa.br\/smdete\/noticias\/brique-da-redencao-tem-novos-expositores-de-artesanato\t\t\t<\/p>\r\n\t\t\t\r\n\t\t\t<a href=\"https:\/\/briquedaredencao.com.br\/2024\/24-novos-expositores\/\" class=\"btn btn-primary btnstyle1 btn-sm m-r10 m-b10\">READ MORE<\/a>\r\n\t\t<\/div>\r\n\t<\/div>\r\n<\/div>\r\n\t\t\t\t\t\r\n\t\t\t\t<\/div>\r\n\t\t\t\t<!-- Side bar END -->\r\n\t\t\t  \t\t\t\t\t<\/div>\r\n\t\t\t  \t\t\t<\/div>\r\n\t\t<\/div>\r\n\t<\/section>\r\n\t\t<\/div>\n\t\t\t\t<\/div>\n\t\t\t\t\t<\/div>\n\t\t\t\t<\/div>\n\t\t\t\t<\/div>\n\t\t","protected":false},"excerpt":{"rendered":"<p>\u00daltimas not\u00edcias Estamos animados em trazer at\u00e9 voc\u00eas as \u00faltimas novidades emocionantes que est\u00e3o acontecendo em nossa tradicional feira de artesanato, artes e antiguidades. 10 julho 2025 By 01super_admin Brique tem 24 novos expositores. O tradicional Brique da Reden\u00e7\u00e3o, realizado todos os domingos na avenida\u00a0Jos\u00e9 Bonif\u00e1cio, bairro Bom Fim, ganhou mais expositores para o setor <\/p>\n","protected":false},"author":1,"featured_media":0,"parent":0,"menu_order":0,"comment_status":"closed","ping_status":"closed","template":"indiro_homepage.php","meta":{"_acf_changed":false,"footnotes":""},"class_list":["post-9","page","type-page","status-publish","hentry"],"acf":[],"_links":{"self":[{"href":"https:\/\/briquedaredencao.com.br\/2024\/wp-json\/wp\/v2\/pages\/9","targetHints":{"allow":["GET"]}}],"collection":[{"href":"https:\/\/briquedaredencao.com.br\/2024\/wp-json\/wp\/v2\/pages"}],"about":[{"href":"https:\/\/briquedaredencao.com.br\/2024\/wp-json\/wp\/v2\/types\/page"}],"author":[{"embeddable":true,"href":"https:\/\/briquedaredencao.com.br\/2024\/wp-json\/wp\/v2\/users\/1"}],"replies":[{"embeddable":true,"href":"https:\/\/briquedaredencao.com.br\/2024\/wp-json\/wp\/v2\/comments?post=9"}],"version-history":[{"count":99,"href":"https:\/\/briquedaredencao.com.br\/2024\/wp-json\/wp\/v2\/pages\/9\/revisions"}],"predecessor-version":[{"id":7575,"href":"https:\/\/briquedaredencao.com.br\/2024\/wp-json\/wp\/v2\/pages\/9\/revisions\/7575"}],"wp:attachment":[{"href":"https:\/\/briquedaredencao.com.br\/2024\/wp-json\/wp\/v2\/media?parent=9"}],"curies":[{"name":"wp","href":"https:\/\/api.w.org\/{rel}","templated":true}]}}