{"id":22,"date":"2021-11-25T05:49:58","date_gmt":"2021-11-25T05:49:58","guid":{"rendered":"https:\/\/indiro.wprdx.com\/demo\/?page_id=22"},"modified":"2024-05-09T13:33:28","modified_gmt":"2024-05-09T16:33:28","slug":"expositores","status":"publish","type":"page","link":"https:\/\/briquedaredencao.com.br\/2024\/expositores\/","title":{"rendered":"Expositores"},"content":{"rendered":"\t\t<div data-elementor-type=\"wp-page\" data-elementor-id=\"22\" class=\"elementor elementor-22\">\n\t\t\t\t\t\t<section class=\"elementor-section elementor-top-section elementor-element elementor-element-774930b elementor-section-full_width elementor-section-height-default elementor-section-height-default\" data-id=\"774930b\" data-element_type=\"section\">\n\t\t\t\t\t\t<div class=\"elementor-container elementor-column-gap-custom\">\n\t\t\t\t\t<div class=\"elementor-column elementor-col-100 elementor-top-column elementor-element elementor-element-09cc6dc\" data-id=\"09cc6dc\" data-element_type=\"column\">\n\t\t\t<div class=\"elementor-widget-wrap elementor-element-populated\">\n\t\t\t\t\t\t<div class=\"elementor-element elementor-element-be7fda6 elementor-widget elementor-widget-dz-portfolio-listing-1\" data-id=\"be7fda6\" data-element_type=\"widget\" data-widget_type=\"dz-portfolio-listing-1.default\">\n\t\t\t\t<div class=\"elementor-widget-container\">\n\t\t\t<!-- Blog -->\n<section class=\"content-inner\">\n\t<div class=\" container-fluid\">\n\t\t\t\t\n<!-- \t\t -->\n\t\t\n\t\t<div class=\"lightgallery row masonry\" >\t\t\t\n\t\t\t\n<!-- Portfolio -->\n\t<div id=\"post-3789\" class=\"card-container col-xl-3 col-lg-4 col-md-6 col-sm-6 m-b30 all artesanato post-3789 dz_portfolio type-dz_portfolio status-publish has-post-thumbnail hentry portfolio_category-artesanato\">\n\t\t<div class=\"dz-box style-1\">\n\t\t\t<div class=\"dz-media height-md\"  style=\"background-image: url(https:\/\/briquedaredencao.com.br\/2024\/wp-content\/uploads\/2024\/05\/Tamanho-Cover-1.jpg)\"><\/div>\n\t\t\t<div class=\"dz-info\">\n\t\t\t\t<h3 class=\"title m-b10\" style=\"font-size: 20px;\">\n\t\t\t\t\t<a href=\"https:\/\/briquedaredencao.com.br\/2024\/portfolio\/box-004-artesanato\/\">\n\t\t\t\t\t\tBox 004 - Artesanato\t\t\t\t\t\t\n\t\t\t\t\t<\/a>\n\t\t\t\t<\/h3>\n\t\t\t\t<h5 style=\"color: #fff; font-size: 17px;\">\n\t\t\t\t\tGeovani Rodrigues de Freitas\t\n\t\t\t\t <\/h5>\n\t\t\t\t\n\t\t\t<\/div>\n\t\t<\/div>\n\t<\/div>\n\t\n<!-- Portfolio -->\n\t<div id=\"post-3844\" class=\"card-container col-xl-3 col-lg-4 col-md-6 col-sm-6 m-b30 all artesanato post-3844 dz_portfolio type-dz_portfolio status-publish has-post-thumbnail hentry portfolio_category-artesanato\">\n\t\t<div class=\"dz-box style-1\">\n\t\t\t<div class=\"dz-media height-md\"  style=\"background-image: url(https:\/\/briquedaredencao.com.br\/2024\/wp-content\/uploads\/2024\/05\/Cover.jpg)\"><\/div>\n\t\t\t<div class=\"dz-info\">\n\t\t\t\t<h3 class=\"title m-b10\" style=\"font-size: 20px;\">\n\t\t\t\t\t<a href=\"https:\/\/briquedaredencao.com.br\/2024\/portfolio\/box-005-artesanato\/\">\n\t\t\t\t\t\tBox 005 - Artesanato\t\t\t\t\t\t\n\t\t\t\t\t<\/a>\n\t\t\t\t<\/h3>\n\t\t\t\t<h5 style=\"color: #fff; font-size: 17px;\">\n\t\t\t\t\tFlavio Luiz Bartz\t\n\t\t\t\t <\/h5>\n\t\t\t\t\n\t\t\t<\/div>\n\t\t<\/div>\n\t<\/div>\n\t\n<!-- Portfolio -->\n\t<div id=\"post-4038\" class=\"card-container col-xl-3 col-lg-4 col-md-6 col-sm-6 m-b30 all artesanato post-4038 dz_portfolio type-dz_portfolio status-publish has-post-thumbnail hentry portfolio_category-artesanato\">\n\t\t<div class=\"dz-box style-1\">\n\t\t\t<div class=\"dz-media height-md\"  style=\"background-image: url(https:\/\/briquedaredencao.com.br\/2024\/wp-content\/uploads\/2024\/05\/Tamanho-Cover-2.jpg)\"><\/div>\n\t\t\t<div class=\"dz-info\">\n\t\t\t\t<h3 class=\"title m-b10\" style=\"font-size: 20px;\">\n\t\t\t\t\t<a href=\"https:\/\/briquedaredencao.com.br\/2024\/portfolio\/box-007-artesanato\/\">\n\t\t\t\t\t\tBox 007 - Artesanato\t\t\t\t\t\t\n\t\t\t\t\t<\/a>\n\t\t\t\t<\/h3>\n\t\t\t\t<h5 style=\"color: #fff; font-size: 17px;\">\n\t\t\t\t\tJo\u00e3o Carlos Bonneau\t\n\t\t\t\t <\/h5>\n\t\t\t\t\n\t\t\t<\/div>\n\t\t<\/div>\n\t<\/div>\n\t\n<!-- Portfolio -->\n\t<div id=\"post-4041\" class=\"card-container col-xl-3 col-lg-4 col-md-6 col-sm-6 m-b30 all artesanato post-4041 dz_portfolio type-dz_portfolio status-publish has-post-thumbnail hentry portfolio_category-artesanato\">\n\t\t<div class=\"dz-box style-1\">\n\t\t\t<div class=\"dz-media height-md\"  style=\"background-image: url(https:\/\/briquedaredencao.com.br\/2024\/wp-content\/uploads\/2024\/05\/Tamanho-Cover.jpg)\"><\/div>\n\t\t\t<div class=\"dz-info\">\n\t\t\t\t<h3 class=\"title m-b10\" style=\"font-size: 20px;\">\n\t\t\t\t\t<a href=\"https:\/\/briquedaredencao.com.br\/2024\/portfolio\/box-008-artesanato\/\">\n\t\t\t\t\t\tBox 008 - Artesanato\t\t\t\t\t\t\n\t\t\t\t\t<\/a>\n\t\t\t\t<\/h3>\n\t\t\t\t<h5 style=\"color: #fff; font-size: 17px;\">\n\t\t\t\t\tCleonice dos Santos Barbosa\t\n\t\t\t\t <\/h5>\n\t\t\t\t\n\t\t\t<\/div>\n\t\t<\/div>\n\t<\/div>\n\t\n<!-- Portfolio -->\n\t<div id=\"post-4042\" class=\"card-container col-xl-3 col-lg-4 col-md-6 col-sm-6 m-b30 all artesanato post-4042 dz_portfolio type-dz_portfolio status-publish has-post-thumbnail hentry portfolio_category-artesanato\">\n\t\t<div class=\"dz-box style-1\">\n\t\t\t<div class=\"dz-media height-md\"  style=\"background-image: url(https:\/\/briquedaredencao.com.br\/2024\/wp-content\/uploads\/2024\/05\/Tamanho-Cover-3.jpg)\"><\/div>\n\t\t\t<div class=\"dz-info\">\n\t\t\t\t<h3 class=\"title m-b10\" style=\"font-size: 20px;\">\n\t\t\t\t\t<a href=\"https:\/\/briquedaredencao.com.br\/2024\/portfolio\/box-009-artesanato\/\">\n\t\t\t\t\t\tBox 009 - Artesanato\t\t\t\t\t\t\n\t\t\t\t\t<\/a>\n\t\t\t\t<\/h3>\n\t\t\t\t<h5 style=\"color: #fff; font-size: 17px;\">\n\t\t\t\t\tRafael S. B. Vianna\t\n\t\t\t\t <\/h5>\n\t\t\t\t\n\t\t\t<\/div>\n\t\t<\/div>\n\t<\/div>\n\t\n<!-- Portfolio -->\n\t<div id=\"post-7425\" class=\"card-container col-xl-3 col-lg-4 col-md-6 col-sm-6 m-b30 all alimentacao post-7425 dz_portfolio type-dz_portfolio status-publish has-post-thumbnail hentry portfolio_category-alimentacao\">\n\t\t<div class=\"dz-box style-1\">\n\t\t\t<div class=\"dz-media height-md\"  style=\"background-image: url(https:\/\/briquedaredencao.com.br\/2024\/wp-content\/uploads\/2025\/06\/Tamanho-Cover-6.jpg)\"><\/div>\n\t\t\t<div class=\"dz-info\">\n\t\t\t\t<h3 class=\"title m-b10\" style=\"font-size: 20px;\">\n\t\t\t\t\t<a href=\"https:\/\/briquedaredencao.com.br\/2024\/portfolio\/box-01-alimentacao\/\">\n\t\t\t\t\t\tBox 01 \u2013 Alimenta\u00e7\u00e3o\t\t\t\t\t\t\n\t\t\t\t\t<\/a>\n\t\t\t\t<\/h3>\n\t\t\t\t<h5 style=\"color: #fff; font-size: 17px;\">\n\t\t\t\t\tM\u00e1rcia Aquino Marques\t\n\t\t\t\t <\/h5>\n\t\t\t\t\n\t\t\t<\/div>\n\t\t<\/div>\n\t<\/div>\n\t\n<!-- Portfolio -->\n\t<div id=\"post-6321\" class=\"card-container col-xl-3 col-lg-4 col-md-6 col-sm-6 m-b30 all antiquarios post-6321 dz_portfolio type-dz_portfolio status-publish has-post-thumbnail hentry portfolio_category-antiquarios\">\n\t\t<div class=\"dz-box style-1\">\n\t\t\t<div class=\"dz-media height-md\"  style=\"background-image: url(https:\/\/briquedaredencao.com.br\/2024\/wp-content\/uploads\/2025\/05\/Tamanho-Cover-48.jpg)\"><\/div>\n\t\t\t<div class=\"dz-info\">\n\t\t\t\t<h3 class=\"title m-b10\" style=\"font-size: 20px;\">\n\t\t\t\t\t<a href=\"https:\/\/briquedaredencao.com.br\/2024\/portfolio\/box-01-antiquarios\/\">\n\t\t\t\t\t\tBox 01 \u2013 Antiqu\u00e1rios\t\t\t\t\t\t\n\t\t\t\t\t<\/a>\n\t\t\t\t<\/h3>\n\t\t\t\t<h5 style=\"color: #fff; font-size: 17px;\">\n\t\t\t\t\tPaulo Ricardo Junges\t\n\t\t\t\t <\/h5>\n\t\t\t\t\n\t\t\t<\/div>\n\t\t<\/div>\n\t<\/div>\n\t\n<!-- Portfolio -->\n\t<div id=\"post-4043\" class=\"card-container col-xl-3 col-lg-4 col-md-6 col-sm-6 m-b30 all artesanato post-4043 dz_portfolio type-dz_portfolio status-publish has-post-thumbnail hentry portfolio_category-artesanato\">\n\t\t<div class=\"dz-box style-1\">\n\t\t\t<div class=\"dz-media height-md\"  style=\"background-image: url(https:\/\/briquedaredencao.com.br\/2024\/wp-content\/uploads\/2024\/05\/Tamanho-Cover-4.jpg)\"><\/div>\n\t\t\t<div class=\"dz-info\">\n\t\t\t\t<h3 class=\"title m-b10\" style=\"font-size: 20px;\">\n\t\t\t\t\t<a href=\"https:\/\/briquedaredencao.com.br\/2024\/portfolio\/box-010-artesanato\/\">\n\t\t\t\t\t\tBox 010 - Artesanato\t\t\t\t\t\t\n\t\t\t\t\t<\/a>\n\t\t\t\t<\/h3>\n\t\t\t\t<h5 style=\"color: #fff; font-size: 17px;\">\n\t\t\t\t\tFrancisco Rivas\t\n\t\t\t\t <\/h5>\n\t\t\t\t\n\t\t\t<\/div>\n\t\t<\/div>\n\t<\/div>\n\t\t\t\t\n\t\t<\/div>\n\t\t  <!-- Side bar END -->\n\t\t\t<\/div>\n<\/section>\n<script>\r\n\t\t\t\tjQuery(document).ready(function(){\r\n\t\t\t\t\tif(jQuery('.elementor-element-edit-mode').length > 0){\r\n\t\t\t\t\t\tsetTimeout(function(){\r\n\t\t\t\t\t\t\tIndiro.masonryBox();\t\t\r\n\t\t\t\t\t\t}, 1000);\r\n\t\t\t\t\t}\r\n\t\t\t\t});\r\n\t\t\t<\/script>\t\t<\/div>\n\t\t\t\t<\/div>\n\t\t\t\t\t<\/div>\n\t\t<\/div>\n\t\t\t\t\t<\/div>\n\t\t<\/section>\n\t\t\t\t<\/div>\n\t\t","protected":false},"excerpt":{"rendered":"<p>All Artesanato Artes Pl\u00e1sticas Antiqu\u00e1rios Alimenta\u00e7\u00e3o TE Box Mi01 \u2013 Antiqu\u00e1rios TE Box Mi02 \u2013 Artes Pl\u00e1sticas TE Box Mi03 \u2013 Alimenta\u00e7\u00e3o TE Box Mi4 \u2013 Artesanato<\/p>\n","protected":false},"author":1,"featured_media":0,"parent":0,"menu_order":0,"comment_status":"closed","ping_status":"closed","template":"indiro_homepage.php","meta":{"_acf_changed":false,"footnotes":""},"class_list":["post-22","page","type-page","status-publish","hentry"],"acf":[],"_links":{"self":[{"href":"https:\/\/briquedaredencao.com.br\/2024\/wp-json\/wp\/v2\/pages\/22","targetHints":{"allow":["GET"]}}],"collection":[{"href":"https:\/\/briquedaredencao.com.br\/2024\/wp-json\/wp\/v2\/pages"}],"about":[{"href":"https:\/\/briquedaredencao.com.br\/2024\/wp-json\/wp\/v2\/types\/page"}],"author":[{"embeddable":true,"href":"https:\/\/briquedaredencao.com.br\/2024\/wp-json\/wp\/v2\/users\/1"}],"replies":[{"embeddable":true,"href":"https:\/\/briquedaredencao.com.br\/2024\/wp-json\/wp\/v2\/comments?post=22"}],"version-history":[{"count":10,"href":"https:\/\/briquedaredencao.com.br\/2024\/wp-json\/wp\/v2\/pages\/22\/revisions"}],"predecessor-version":[{"id":3873,"href":"https:\/\/briquedaredencao.com.br\/2024\/wp-json\/wp\/v2\/pages\/22\/revisions\/3873"}],"wp:attachment":[{"href":"https:\/\/briquedaredencao.com.br\/2024\/wp-json\/wp\/v2\/media?parent=22"}],"curies":[{"name":"wp","href":"https:\/\/api.w.org\/{rel}","templated":true}]}}